{"id":278,"date":"2013-08-21T20:13:32","date_gmt":"2013-08-21T20:13:32","guid":{"rendered":"http:\/\/www.burkelab.com\/MURI\/?page_id=278"},"modified":"2015-09-08T18:07:10","modified_gmt":"2015-09-08T18:07:10","slug":"book-chapters-authored","status":"publish","type":"page","link":"https:\/\/www.burkelab.com\/MURI\/activities\/book-chapters-authored\/","title":{"rendered":"Book or Book Chapters Authored"},"content":{"rendered":"<h2>2015<\/h2>\n<p>N.C. Seeman, R. Sha, J. J. Birktoft, J. Zheng, W. Liu, T. Wang and C. Mao, \u201cDesigned 3D DNA crystals, 3D DNA nanostructure &#8211; methods and protocols\u201d, Y. Ke and P. Wang, eds., Springer, Heidelberg, accepted for publication (2015).<\/p>\n<p>Ke Xu, Preeti Pratap, Mitra Dutta, and Michael Stroscio, Design and Applications of Graphene-based and Biomolecule-based Nanosensors and Nanodevices in the CRC Press \u201cGraphene Science Handbook\u201d Vol. 6 \u201cApplications and Industrialization\u201d, in press \u2013 to appear soon (2015).  <\/p>\n<p>T. Pham, K. Zand, D. Wallace, P. J. Burke \u201cFluorescence Analysis of Single Mitochondria with Nanofluidic Channels\u201d in Mitochondrial Medicine: Volume I, Probing Mitochondrial Function, Springer. 2015, 35-46.<\/p>\n<h2>2014<\/h2>\n<p>K. Xu, M. Purahmad, K. Brenneman, X. Meshik, S. Farid, S. Poduri, P. Pratap, J. Abell, Y. Zhao, B. Nichols, E. Zakar, M. Stroscio, and M. Dutta, \u201cDesign and Applications of Nanomaterial-Based and Biomolecule-Based Nanodevices and Nanosensors,\u201d Chapter 3 in Design and Applications of Nanomaterials for Sensors, Jorge M. Seminario, Editor, pages 61-98, Challenges and Advances in Computational Chemistry and Physics 16, Series Editor J. Leszczynski, Springer (2014)<\/p>\n<p>T. Pham, K.Zand, D. Wallace and P. J. Burke. \u201cFluorescence Analysis of Single Mitochondria with Nanofluidic Channels\u201d in Volkmar Weissig, Mitochondrial Medicine: Methods and Protocols, Springer.<\/p>\n<p>E. R. Brown and D. Segovia, \u201cPrinciples of THz Detection,\u201d Chapter 5 in Semiconductor Terahertz Technology: Devices and Systems for Room Temperature Operation, ed. by G. Carpintero, L.E. Garcia Munoz, H.H. Hartnagel, and S. Preu (John Wiley &#038; Sons, Ltd., Chichester, PO19 8SQ, England).<\/p>\n<p>S. Preu, G. H. D\u00f6hler, S. Malzer, A. St\u00f6hr, T. G\u00f6bel, E. R. Brown, M. Feiginov, and R. Gonzalo \u201cPrinciples of THz Generation,\u201d Chapter 2 in Semiconductor Terahertz Technology: Devices and Systems for Room Temperature Operation, ed. by G. Carpintero, L.E. Garcia Munoz, H.H. Hartnagel, and S. Preu (John Wiley &#038; Sons, Ltd., Chichester, PO19 8SQ, England).<\/p>\n<h2>2013<\/h2>\n<p>Masudur Rahman and Michael L. Norton, \u201cMulti-Layer Graphene Grid and Nanowire Fabrication and Printing\u201d in \u201cNanoelectronic Device Applications Handbook\u201d, edited by James Morris &amp; Krzysztof Iniewski, CRC Press (Taylor &amp; Francis Group), 2013; ISBN-10: 1466565233<\/p>\n<p>N.C. Seeman, Preface to\u00a0\u201cNucleic Acid Nanotechnology<i>\u201d<\/i>, by J\u00f8rgen Kjems, Elena Ferapontova and Kurt V. Gothelf, Springer, Heidelberg, v-vii (2014).<\/p>\n<h2>2012<\/h2>\n<p>N.C. Seeman, J.J. Birktoft, R. Sha, H. Gu, T. Wang, J. Zheng, J. Chao, P. Constantinou, B. Ding &amp; C. Mao, DNA Crystals, Constructs and Devices, \u201cHandbook of Nanoscience, Engineering and Technology<i>\u201d<\/i>, 3rd Edition, ed. by W.A Goddard, III, D.W. Brenner, S.E. Lyshevski &amp; G.J. Iafrate, CRC Press, Taylor &amp; Francis Group, New York, 1037-1049 (2012).<\/p>\n<p>Norma L. Rangel, Paola A. Leon-Plata and Jorge M. Seminario, \u201cComputational Molecular Engineering for Nanodevices and Nanosystems\u201d, in \u201cPractical Aspects of Computational Chemistry I: An Overview of the Last Two Decades and Current Trends\u201d, by Jerzy Leszczynski, Manoj K. Shukla, Helene de Rode, Eds., New York: Springer. 2012<\/p>\n<p>Mitra Dutta, Michael A. Stroscio, Jun Qian, TsaiChen Wu, Kimber Brenneman, Banani Sen, Shipryia Poduri, Ke Xu, Xenia Meshik, Saddia M. Ranginwala, Pitamber Shukla, and Nanzhu Zhang, \u201cNanosensors based on DNA and RNA Aptamers, and Semiconductor Quantum Dots\u201d, CRC Dekker Encyclopedia on Nanoscience and Nanotechnology, 2012.<\/p>\n<h2>2011<\/h2>\n<p>E. R. Brown, E.A. Mendoza, Y. Kuznetsova, A. Neumann, and S.R.J. Brueck, \u201cHigh Resolution THz Spectroscopy to Measure Strong THz Absorption Signatures of si-RNA in Solution,\u201d in Terahertz and Mid Infrared Radiation: Generation, Detection and Applications (NATO Science for Peace and Security Series B: Physics and Biophysics), ed. by M.F. Pereira and O. Shulika [Springer, New York, 2011], Chap. 3.<\/p>\n","protected":false},"excerpt":{"rendered":"<p>2015 N.C. Seeman, R. Sha, J. J. Birktoft, J. Zheng, W. Liu, T. Wang and C. Mao, \u201cDesigned 3D DNA crystals, 3D DNA nanostructure &#8211; methods and protocols\u201d, Y. Ke and P. Wang, eds., Springer, Heidelberg, accepted for publication (2015).<span class=\"ellipsis\">&hellip;<\/span><\/p>\n<div class=\"read-more\"><a href=\"https:\/\/www.burkelab.com\/MURI\/activities\/book-chapters-authored\/\">Read more &#8250;<\/a><\/div>\n<p><!-- end of .read-more --><\/p>\n","protected":false},"author":1,"featured_media":0,"parent":17,"menu_order":0,"comment_status":"closed","ping_status":"closed","template":"","meta":{"footnotes":""},"class_list":["post-278","page","type-page","status-publish","hentry"],"_links":{"self":[{"href":"https:\/\/www.burkelab.com\/MURI\/wp-json\/wp\/v2\/pages\/278","targetHints":{"allow":["GET"]}}],"collection":[{"href":"https:\/\/www.burkelab.com\/MURI\/wp-json\/wp\/v2\/pages"}],"about":[{"href":"https:\/\/www.burkelab.com\/MURI\/wp-json\/wp\/v2\/types\/page"}],"author":[{"embeddable":true,"href":"https:\/\/www.burkelab.com\/MURI\/wp-json\/wp\/v2\/users\/1"}],"replies":[{"embeddable":true,"href":"https:\/\/www.burkelab.com\/MURI\/wp-json\/wp\/v2\/comments?post=278"}],"version-history":[{"count":12,"href":"https:\/\/www.burkelab.com\/MURI\/wp-json\/wp\/v2\/pages\/278\/revisions"}],"predecessor-version":[{"id":445,"href":"https:\/\/www.burkelab.com\/MURI\/wp-json\/wp\/v2\/pages\/278\/revisions\/445"}],"up":[{"embeddable":true,"href":"https:\/\/www.burkelab.com\/MURI\/wp-json\/wp\/v2\/pages\/17"}],"wp:attachment":[{"href":"https:\/\/www.burkelab.com\/MURI\/wp-json\/wp\/v2\/media?parent=278"}],"curies":[{"name":"wp","href":"https:\/\/api.w.org\/{rel}","templated":true}]}}